)/18*(-66)/(-4). Calculate the greatest common divisor of 1474 and g.
11
Suppose -3*l + 120 = -2*l. Let m = l - -48. Suppose -9*o = -4*o - 105. Calculate the greatest common divisor of o and m.
21
Let r = 1034 + -1027. Let i = -43 - -104. Suppose 2*b = -l + i, -5*l = -r*l + 2. Calculate the greatest common divisor of 6 and b.
6
Let a be 28/(-18)*(-342)/38. Calculate the greatest common divisor of 5222 and a.
14
Suppose 43*l - 12270 = 38*l + 2*r, 0 = 3*l - 2*r - 7362. What is the greatest common divisor of l and 6?
6
Let o be 4 + ((-128)/4)/(2/4). Let u = o - -62. What is the highest common factor of 19 and u?
1
Let i = -28 - -7. Let h = i + 37. Suppose 0 = -2*z - 19 + 371. Calculate the highest common factor of h and z.
16
Suppose 0 = -19*b + 57*b - 12654. Suppose -k + 263 = -4*t - b, -3*t + 1137 = 2*k. What is the highest common divisor of k and 216?
72
Let n = 135 + -85. Suppose -n*k = -33*k - 374. What is the greatest common factor of 66 and k?
22
Suppose 0 = 3*p + 9, 5*r - 3*p = 4 + 55. Suppose -w + 3*x + r = 7*x, -w = -3*x - 10. Suppose 42 = 3*m - 168. Calculate the highest common factor of w and m.
10
Suppose 933*y = 940*y - 21. Suppose -y*w - 4*t + 144 = -93, -3 = -t. Let u = -73 + 118. Calculate the highest common divisor of u and w.
15
Suppose 5*t - 44500 = 29442 + 24393. What is the greatest common divisor of 71 and t?
71
Suppose 5*u - 5*t - 1895 = 0, 0 = u + 3*t - 2*t - 373. Calculate the greatest common factor of 14194 and u.
94
Suppose -4*i - 10 = 2*x, 5*i + 8 = -2*x + x. Let g be ((-6)/24)/(i/20). What is the greatest common divisor of g and 45?
5
Suppose -50*j + 106 = -48*j. Let d = 57 - j. Suppose 2*n = v + 32, -6*v + d*v + 98 = 5*n. Calculate the greatest common factor of n and 9.
9
Let f(p) = -38*p - 27. Let g be f(-9). Suppose 99*l = 102*l - g. Let h = -25 + 46. Calculate the highest common divisor of h and l.
21
Suppose g - 55*s - 102 = -51*s, -2*g = 3*s - 138. Calculate the highest common factor of g and 102.
6
Let n = -287 + 331. Suppose -5*q + 0*q - 3*g = -301, -3*q + 4*g = -169. Let t = q - -7. Calculate the greatest common factor of n and t.
22
Let p be (-658)/(-3) - (-17)/(-51). Let b = p + -177. What is the highest common divisor of b and 28?
14
Let b(c) = 17*c**3 + 136*c**2 + 7*c - 16. Let n be b(-7). Calculate the highest common factor of n and 144.
48
Suppose -4*n + 8 = 0, 2*o + 2*o = 3*n + 6174. What is the highest common factor of o and 90?
15
Let y = -26 + 461. Calculate the greatest common factor of 60 and y.
15
Let u(l) = -754*l**3 + 33*l**2 + 74*l + 11. Let q be u(-2). Calculate the highest common factor of 294 and q.
147
Let s(w) = -13*w - 1. Let m be s(-1). Let t be (m/2)/(6/45*3). Suppose 0 = 6*v - 39 + 9. Calculate the greatest common factor of t and v.
5
Suppose 0 = -4*u + 3*u + 48. Suppose -3*s + 98 = 8. Let f be ((-1152)/(-21))/(s/42)*5. What is the highest common divisor of f and u?
48
Let p(g) = 15*g**2 - 183*g + 70. Let o be p(14). What is the highest common divisor of 378 and o?
14
Suppose -p + 2*x - 143 = x, -5*p - 685 = x. Let o = p - -147. Calculate the greatest common factor of 45 and o.
9
Let u = -5271 - -8653. What is the highest common factor of u and 38?
38
Let w = 28923 + -28109. Calculate the greatest common divisor of 148 and w.
74
Suppose -b - u + 2 = 0, b + 2 = -2*u + 4. Let x(z) = 2*z**2 - 2*z**b - 8 - z**2 + 13*z + 0*z**2. Let k be x(11). What is the highest common factor of 14 and k?
14
Let b = -6 - -11. Suppose -106 = -2*k - 108, 0 = -q + 4*k + 9. Calculate the highest common factor of q and b.
5
Suppose 58*h = 59*h - 4*p - 53, 5*h + 2*p = 23. Let a be 1/(-5) + 22/10. Suppose -a*y + 30 = 3*y. What is the greatest common divisor of h and y?
3
Let h = 10701 - 10661. Calculate the highest common factor of h and 5340.
20
Let i(w) = -w**2 - 2*w - 15. Let f be i(-4). Let p = f - -29. Suppose 5*k = -0*v + 4*v + 55, -3*k + 65 = 4*v. What is the greatest common factor of k and p?
3
Suppose 3*g - 82 = 5*k, 4*k = -3*g - k + 62. Let x(s) = 171*s + 23463. Let n be x(-137). Calculate the highest common factor of n and g.
12
Suppose -156*w + 155*w + 252 = -4*g, g - 1365 = -5*w. What is the greatest common divisor of w and 32?
16
Suppose 0 = 4*l + x + 3, l - x = 3*l + 3. Let s = 8 + -35. Let y = l - s. Calculate the greatest common factor of 9 and y.
9
Let a(r) = r**2 - 10*r + 30. Let c be a(-16). Let n = c - 412. Calculate the highest common factor of 578 and n.
34
Let x be (-13 + -434 + 0)*26/(-6). Calculate the greatest common factor of x and 13.
13
Let w = 740 - 522. Suppose 22*c - w = 46. Calculate the highest common divisor of 60 and c.
12
Suppose -1 = z + 4*f + 9, 2 = -2*z - 2*f. Suppose 716 = 5*g - k, 152 = -2*g + 3*g + z*k. Calculate the greatest common factor of 45 and g.
9
Suppose 2*d - 10 = 4*j - 5*j, -j + 2*d + 2 = 0. Let l = 9 + 45. What is the highest common divisor of l and j?
6
Let o = -7400 - -7571. Calculate the greatest common factor of 135 and o.
9
Suppose -79 = -3*i - 223. Let l = 42 + i. Let n be (-11)/66 + (-37)/l. What is the greatest common divisor of n and 6?
6
Let m(p) = -59*p + 599. Let w be m(7). Calculate the highest common divisor of w and 279.
93
Suppose 50216 = 22*q - 42734. What is the greatest common divisor of q and 5?
5
Let o be 0/((75/(-125))/(1/(-5))). Suppose 4*i + r - 3 - 17 = o, 5*i - 5*r = 50. Suppose f = -2*f + 27. Calculate the greatest common divisor of i and f.
3
Let z = -2355 - -2387. Calculate the highest common factor of z and 2000.
16
Let t = 4347 + -4333. Let m(g) = -4*g**3 - 5*g**2 + 3*g + 4. Let w be m(-4). Suppose -5*y + w = -7. Calculate the greatest common factor of y and t.
7
Suppose 5*z - 34 = 86. Let l(d) = d**2 - 5*d + 2. Let y be l(5). Suppose 4*s + 272 = 3*i, -i - i = y*s - 200. Calculate the greatest common factor of i and z.
24
Let w = 2 + 7. Let q be 231/(-2*18/(-48)). Let t = -245 + q. Calculate the greatest common divisor of w and t.
9
Let x be (6/10 + -3)*(-100)/6. Let b(a) = -a**2 - 38*a - 24. Let p be b(-36). What is the highest common factor of x and p?
8
Let n(s) = 15*s**3 + 6*s**2 - 97*s + 93. Let z be n(1). Suppose p - 748 = -3*p. Calculate the highest common factor of p and z.
17
Suppose -3*q + 1219 = 2*q - d, -5*d = 3*q - 709. Let f = 244 - q. What is the highest common divisor of 29 and f?
1
Let f(l) = -4*l + 24. Let v be f(3). Suppose -4 - 11 = -3*u. Suppose u*q + 6 = -2*o + 63, -4*o + 159 = -5*q. What is the greatest common divisor of v and o?
12
Suppose q = 5, 2*p - 5*q + 26 = p. Let z be (p/(-3))/(6/144). Let o = z + 67. What is the highest common divisor of o and 30?
15
Suppose l + 3*l = 248. Let j(x) = -25 + 1500*x - x**3 - 744*x - 750*x - 5*x**2. Let h be j(-7). What is the highest common divisor of l and h?
31
Suppose 14 = t + 3*m + m, 3*t - 42 = 5*m. Let z be (7/(-2) - -4)*t. Suppose 0 = 3*a - z - 2. Calculate the greatest common divisor of 39 and a.
3
Let o(j) = 4*j**2 - 9*j + 289. Let t be o(13). Calculate the highest common divisor of t and 352.
16
Let u(c) = -1031*c - 267. Let x be u(-3). Calculate the highest common divisor of 36 and x.
18
Suppose 4*j + 5*h - 83 = 0, 24*j - 26*j + 3*h + 25 = 0. Calculate the highest common factor of 1241 and j.
17
Let r = 80 + -42. Let q(w) = -13363*w + 160489. Let t be q(12). Calculate the highest common factor of t and r.
19
Let m(q) be the second derivative of -q**5/20 + 7*q**4/3 - 29*q**3/6 + 63*q**2/2 + 2*q - 25. Let f be m(27). Calculate the greatest common divisor of f and 99.
9
Suppose 851580 = 13*m + 402*m. Calculate the greatest common divisor of 1080 and m.
108
Suppose 3*t + 5*t - 39942 = 62658. Calculate the greatest common factor of 225 and t.
225
Let o(z) = -2991*z - 2796. Let c be o(-2). What is the greatest common factor of 126 and c?
18
Suppose -w - 3*o = 22, -2*w = -5*w + 3*o - 18. Let y(d) = d**2 + 7*d + 8. Let j be y(w). Calculate the highest common factor of 38 and j.
38
Let s be (20 - 32)/(1*(0 - -1)). Let u(c) = -13*c - 16*c + 3*c - c**3 - 14*c**2 - 8. Let m be u(s). What is the greatest common divisor of 72 and m?
8
Suppose 0 = -d + 3*b + 21, -d - d = -3*b - 42. Let i = 53 + -9. Let q = i + -30. What is the greatest common factor of d and q?
7
Suppose 4*x - 4*u - 92 = 0, 4*u + 89 = 3*x + 20. Let c = -877 + 969. Calculate the highest common div